se
Is 9262411 a prime number?
True
Is 79218121 a prime number?
True
Is 200041 composite?
False
Is 6830003 prime?
False
Is 58086265 a composite number?
True
Is 907251041 composite?
False
Is 7436479 a prime number?
True
Is 1654613 composite?
True
Is 27880859 prime?
False
Is 29567297 prime?
True
Is 1986531 composite?
True
Is 4448743 a composite number?
True
Is 271243514 composite?
True
Is 943937 a composite number?
True
Is 15800417 a prime number?
True
Is 36158039 prime?
False
Is 13791221 a composite number?
False
Is 213171557 composite?
False
Is 40597993 composite?
False
Is 1525271 a composite number?
True
Is 103118129 a composite number?
False
Is 61934919 a composite number?
True
Is 18776801 a prime number?
True
Is 11587939 composite?
True
Is 2056169 a composite number?
True
Is 128172029 a composite number?
False
Is 85763638 prime?
False
Is 7159331 prime?
False
Is 73027937 prime?
False
Is 21157207 prime?
True
Is 11435863 a prime number?
False
Is 1991027 a composite number?
False
Is 38185963 composite?
True
Is 546958597 a composite number?
False
Is 264945551 a prime number?
False
Is 792841757 a composite number?
False
Is 344312743 composite?
False
Is 12046219 a prime number?
False
Is 112154143 a prime number?
False
Is 39176749 a prime number?
True
Is 3010199 prime?
True
Is 80760023 prime?
True
Is 316221509 composite?
False
Is 3212777 composite?
False
Is 137097637 a composite number?
True
Is 91709467 a composite number?
False
Is 445345951 prime?
False
Is 944297 a composite number?
False
Is 386129138 a prime number?
False
Is 443093305 composite?
True
Is 496371679 composite?
False
Is 96587593 composite?
True
Is 7070653 prime?
True
Is 18408053 composite?
False
Is 217079243 prime?
True
Is 13810187 a composite number?
False
Is 3249109 prime?
True
Is 59939 prime?
False
Is 13906327 a prime number?
True
Is 123836059 a prime number?
True
Is 632663 composite?
True
Is 4133518 a composite number?
True
Is 379922 a prime number?
False
Is 2207363 prime?
False
Is 57834503 a composite number?
False
Is 137267 prime?
False
Is 483060005 a composite number?
True
Is 70698437 prime?
True
Is 8068283 composite?
False
Is 4779539 a prime number?
False
Is 19494199 prime?
True
Is 81497387 a prime number?
True
Is 7779071 a composite number?
False
Is 6794987 prime?
True
Is 26808781 a composite number?
True
Is 51877517 prime?
True
Is 16414553 a composite number?
True
Is 68828693 composite?
True
Is 184346401 composite?
True
Is 9190487 a prime number?
True
Is 4172963 prime?
False
Is 571179571 a prime number?
True
Is 1041557 composite?
True
Is 17888047 prime?
True
Is 2519603 a prime number?
True
Is 87980909 composite?
False
Is 6963583 a composite number?
True
Is 839876509 a composite number?
True
Is 5701931 prime?
True
Is 3956501 a composite number?
False
Is 43616227 a composite number?
False
Is 35711878 a prime number?
False
Is 125593357 a prime number?
True
Is 54761605 prime?
False
Is 1022531 a prime number?
True
Is 585194803 composite?
True
Is 5792639 composite?
False
Is 7177939 composite?
True
Is 1255823 a composite number?
True
Is 92673391 composite?
True
Is 4020217 composite?
False
Is 873863 composite?
False
Is 23315423 composite?
True
Is 48181 composite?
True
Is 41547629 a prime number?
True
Is 32152753 prime?
True
Is 442304977 composite?
False
Is 3692258 a composite number?
True
Is 3961091 prime?
False
Is 1909651 a prime number?
True
Is 22908703 composite?
False
Is 4615333 prime?
True
Is 58277 a prime number?
False
Is 17743369 a composite number?
True
Is 1136623 prime?
True
Is 421612141 composite?
False
Is 134668127 composite?
True
Is 31387871 composite?
True
Is 30401873 a prime number?
False
Is 12373331 composite?
True
Is 43261513 a composite number?
True
Is 4125187 prime?
False
Is 25929061 prime?
False
Is 355898546 a prime number?
False
Is 3265453 prime?
False
Is 2085659 a composite number?
False
Is 35326283 composite?
True
Is 155357671 a composite number?
True
Is 197447 a prime number?
False
Is 33457 a prime number?
True
Is 292900831 prime?
True
Is 30650861 composite?
False
Is 86187 a composite number?
True
Is 584249 composite?
False
Is 31464091 prime?
False
Is 214739 prime?
False
Is 12625285 a prime number?
False
Is 23649079 prime?
True
Is 37318843 prime?
False
Is 3875149 a prime number?
False
Is 313413 prime?
False
Is 43399231 prime?
True
Is 785255621 composite?
False
Is 11728191 composite?
True
Is 10833673 prime?
False
Is 9403693 prime?
False
Is 86646539 composite?
True
Is 39410117 prime?
True
Is 181148339 composite?
True
Is 129816407 a composite number?
True
Is 12059441 a composite number?
False
Is 12034762 composite?
True
Is 5668057 prime?
False
Is 44227843 a prime number?
False
Is 76119031 prime?
False
Is 12053609 composite?
False
Is 28659689 a composite number?
True
Is 854813 prime?
False
Is 3908423 a prime number?
True
Is 18472367 a prime number?
True
Is 18302 composite?
True
Is 22852979 composite?
True
Is 284795099 prime?
True
Is 6655531 a composite number?
False
Is 103190509 a composite number?
False
Is 60319643 a prime number?
True
Is 152735369 a prime number?
True
Is 4282447 prime?
False
Is 1338167 a composite number?
False
Is 34300183 a prime number?
True
Is 2562881 prime?
True
Is 3753157 composite?
False
Is 29473865 prime?
False
Is 323697853 a prime number?
True
Is 112365533 composite?
True
Is 9882073 a prime number?
True
Is 182196419 composite?
False
Is 15597493 composite?
True
Is 363586099 a prime number?
True
Is 12428189 composite?
True
Is 161706569 composite?
True
Is 27493633 prime?
True
Is 31574077 a prime number?
False
Is 107718907 a composite number?
True
Is 413849 prime?
True
Is 65843423 prime?
True
Is 516896113 a composite number?
False
Is 1110367 prime?
True
Is 1063539947 a composite number?
False
Is 36604795 a composite number?
True
Is 5364527 a composite number?
True
Is 2346737 a prime number?
False
Is 12982907 composite?
True
Is 2434169 a prime number?
True
Is 79122205 a prime number?
False
Is 1157789 a prime number?
False
Is 1843097 a prime number?
False
Is 372955799 a prime number?
True
Is 7940431 a composite number?
True
Is 10557923 a prime number?
True
Is 3463297 a composite number?
True
Is 24285817 prime?
False
Is 324696331 a composite number?
True
Is 1840609 prime?
False
Is 599591 a composite number?
False
Is 117799 prime?
False
Is 35965 a prime number?
False
Is 20538647 a composite number?
True
Is 12280003 prime?
True
Is 282887 a prime number?
False
Is 16372697 prime?
False
Is 247022197 a prime number?
True
Is 105167 prime?
True
Is 294999017 prime?
False
Is 1351633 a composite number?
True
Is 14057083 prime?
False
Is 6299707 a prime number?
False
Is 5477599 a composite number?
False
Is 19386767 a composite number?
False
Is 667309 a composite number?
False
Is 233152277 a composite number?
False
Is 14714467 prime?
True
Is 1221695 composite?
True
Is 39099407 prime?
False
Is 5061851 a prime number?
False
Is 7694866 prime?
False
Is 275212607 prime?
False
Is 755969 composite?
False
Is 814981 a prime number?
False
Is 70952855 a composite number?
True
Is 318464558 composite?
True
Is 236445259 prime?
False
Is 2864831 prime?
True
Is 5726509 a composite number?
True
Is 15821903 prime?
False
Is 2759203 prime?
True
Is 1370359 a composite number?
False
Is 3785087 a composite number?
True
Is 3495911 composite?
False
Is 496881145 a composite number?
True
Is 203465497 composite?
False
Is 92094609 prime?
False
Is 1787887 a prime number?
False
Is 12900851 a composite number?
False
Is 20978033 composite?
True
Is 6737231 a prime number?
True
Is 11440549 a prime number?
True
Is 3310739 prime?
True
Is 171730913 composite?
True
Is 25027339 composite?
False
Is 9056129 prime?
True
Is 44826337 composite?
True
Is 9433007 a prime number?
True
Is 725283431 prime?
True
Is 298579 a composite number?
False
Is 8879881 a composite number?
True
Is 40321223 prime?
False
Is 25409909 prime?
False
Is 369791 a prime number?
True
Is 6589907 prime?
False
Is 17214837 a prime number?
False
Is 30297353 a composite number?
False
Is 44518751 a composite number?
False
Is 10541161 a composite number?
False
Is 185651 a prime number?
True
Is 6421459 prime?
False
Is 1060351301 prime?
True
Is 1140197 prime?
True
Is 450491 a composite number?
True
Is 39974831 composite?
True
Is 2743379